
4323114
In base 7, what is -5 - 1552552?
-1552560
In base 4, what is -11 + -1022002320?
-1022002331
In base 8, what is 24635 - -3?
24640
In base 8, what is -151 + 304?
133
In base 6, what is -505054 - 4?
-505102
In base 4, what is 102 - 320203?
-320101
In base 6, what is -1 - -25042202?
25042201
In base 5, what is 410 - -313320?
314230
In base 8, what is 171410 - 1?
171407
In base 15, what is -1b12 + 1?
-1b11
In base 7, what is 154606 - -1?
154610
In base 6, what is 21433 - 32?
21401
In base 6, what is 2525 - -1023?
3552
In base 5, what is 2 + 3142231?
3142233
In base 9, what is 172 + 105?
277
In base 11, what is -138 + -616?
-753
In base 13, what is 301 + 23?
324
In base 4, what is 1 + -313010222?
-313010221
In base 13, what is 0 + 26a22?
26a22
In base 5, what is 3204103 + -412?
3203141
In base 5, what is -2421 - -30?
-2341
In base 4, what is 2313 + 1012?
3331
In base 2, what is 101 - -100100001101011011?
100100001101100000
In base 3, what is 2202 - 200120?
-120211
In base 8, what is 3 - 104111?
-104106
In base 16, what is -16 - 1001?
-1017
In base 16, what is -c7ee + -b?
-c7f9
In base 8, what is 1433 - -572?
2225
In base 7, what is -4045 - -1?
-4044
In base 11, what is -20 + -18?
-38
In base 7, what is 5 - -33035?
33043
In base 13, what is -1598 + 11?
-1587
In base 13, what is 21 + -2697?
-2676
In base 5, what is -1103 + -43333?
-44441
In base 5, what is 3012043 + -2?
3012041
In base 16, what is -7ce - 115?
-8e3
In base 11, what is -4 + 154245?
154241
In base 3, what is 1 + 1101201012?
1101201020
In base 3, what is 11 + -1002122?
-1002111
In base 13, what is -307b + 5?
-3076
In base 5, what is 3 + 1221414?
1221422
In base 4, what is -10110010 + -1?
-10110011
In base 6, what is 1301 + -103?
1154
In base 4, what is -311 - 2310330?
-2311301
In base 5, what is -11 - 22214?
-22230
In base 14, what is -5 + a6967?
a6962
In base 2, what is -100 - -1000101000101101000?
1000101000101100100
In base 9, what is -10 + -1206?
-1216
In base 6, what is 14014200 + -4?
14014152
In base 13, what is 27b + 4aa?
758
In base 6, what is -2043322 + 0?
-2043322
In base 10, what is 12 - 15693?
-15681
In base 4, what is 3 + -101323103?
-101323100
In base 16, what is -1 + 2790?
278f
In base 13, what is 3 + -26b9?
-26b6
In base 6, what is 23 - 13204?
-13141
In base 10, what is 2 + 6473?
6475
In base 4, what is 0 - 22023002?
-22023002
In base 15, what is -243 + -10?
-253
In base 14, what is a238 + -8?
a230
In base 5, what is 10 - 42124201?
-42124141
In base 4, what is 0 - -10110103?
10110103
In base 12, what is 103 - -166a?
1771
In base 12, what is 4 - -92a69?
92a71
In base 16, what is b - -11bd9?
11be4
In base 3, what is 0 - 200200202?
-200200202
In base 5, what is -240042 - -2310?
-232232
In base 15, what is 1 + 2e64?
2e65
In base 14, what is 2 + 9dd2?
9dd4
In base 6, what is -55525 + 22?
-55503
In base 12, what is 402 + -77?
347
In base 12, what is -1036 - 66?
-10a0
In base 13, what is -2424 - 3?
-2427
In base 6, what is -25524042 + 3?
-25524035
In base 4, what is -20221211 + 231?
-20220320
In base 8, what is -3 - 554727?
-554732
In base 7, what is -1136412 + -1?
-1136413
In base 13, what is -2 + -51194?
-51196
In base 4, what is 2113220 + 11?
2113231
In base 16, what is cf4d + -5?
cf48
In base 13, what is -16182 - -8?
-16177
In base 6, what is 140 + -33042?
-32502
In base 5, what is 42100 - -21344?
113444
In base 6, what is 55423 - -12?
55435
In base 10, what is 1 + 653175?
653176
In base 2, what is 10100 + -10000001111100100?
-10000001111010000
In base 7, what is -322 + 1264?
642
In base 9, what is -5618 + 330?
-5278
In base 9, what is -16 - -124282?
124265
In base 8, what is 22 + -121353?
-121331
In base 3, what is 0 - -1120020012?
1120020012
In base 7, what is 231 + 54?
315
In base 8, what is -44 + 10475?
10431
In base 8, what is -17112502 + -4?
-17112506
In base 7, what is 4 - 4346?
-4342
In base 5, what is 4 + 442320?
442324
In base 8, what is 0 + 36622?
36622
In base 11, what is 7 + 158224?
158230
In base 14, what is -2da46 - 2?
-2da48
In base 14, what is 0 + 99d4?
99d4
In base 4, what is -3 + -2133330320?
-2133330323
In base 5, what is -2213 - 424?
-3142
In base 8, what is -3 + 54071?
54066
In base 4, what is 12330 - -200123?
213113
In base 11, what is -3 + -1337a?
-13382
In base 15, what is -2977 + 60?
-2917
In base 15, what is -3ee4 - -11?
-3ed3
In base 3, what is 1122000 + -212021?
202202
In base 4, what is 12 - 120310001?
-120303323
In base 15, what is -73 + -23d2?
-2455
In base 3, what is 10 + -11110100122?
-11110100112
In base 10, what is 0 + 117129?
117129
In base 6, what is -1401101 + 14?
-1401043
In base 8, what is -1073517 + 2?
-1073515
In base 3, what is -102220002100 - 0?
-102220002100
In base 14, what is -18 + 1273b?
12723
In base 9, what is 105445 + -2?
105443
In base 9, what is -17837 - -15?
-17822
In base 2, what is 10 + -10100110011001?
-10100110010111
In base 4, what is -10 + -111110?
-111120
In base 7, what is 515 + 545?
1363
In base 6, what is 11411 + -35?
11332
In base 15, what is 3 - -88?
8b
In base 15, what is -1056 - 16?
-106c
In base 8, what is -112545 + -12?
-112557
In base 10, what is -1184676 - 5?
-1184681
In base 9, what is -723 + 38?
-674
In base 15, what is 809cc + -4?
809c8
In base 13, what is 198 + 367?
532
In base 8, what is 554 - 52?
502
In base 12, what is -81718 - 8?
-81724
In base 10, what is 5 - -383976?
383981
In base 11, what is 4 - 93429?
-93425
In base 16, what is -c73d + 7?
-c736
In base 13, what is 194 + 67c?
843
In base 15, what is 214 - -290?
4a4
In base 10, what is -54 - 236?
-290
In base 12, what is 144800 + -2?
1447ba
In base 5, what is 30211 + -214?
24442
In base 11, what is 0 + 5216?
5216
In base 10, what is 776 - 10?
766
In base 6, what is -23441252 + 3?
-23441245
In base 7, what is 652 + 33?
1015
In base 5, what is -100141032 - -2?
-100141030
In base 12, what is 17b + 2b?
1aa
In base 14, what is 237 - -45b?
694
In base 8, what is 20137 - -4?
20143
In base 14, what is -13a + 340?
204
In base 13, what is -5ab - -43?
-568
In base 11, what is 19 + 8993?
8a01
In base 4, what is -10302303 + -221?
-10303130
In base 8, what is 5 + -5512?
-5505
In base 3, what is 10110 + 120101?
200211
In base 5, what is -10 + -400204?
-400214
In base 11, what is -313 - 925?
-1138
In base 16, what is d83 - 5?
d7e
In base 11, what is 36987 - -18?
369a4
In base 15, what is 32 - 14?
1d
In base 11, what is -29 + 10a61?
10a33
In base 3, what is -2100 + 220211?
211111
In base 8, what is -203 + -2217?
-2422
In base 11, what is -124442 - -1?
-124441
In base 16, what is -24 + 5c9?
5a5
In base 6, what is 2 + -110040?
-110034
In base 13, what is 5 - 5964?
-595c
In base 5, what is 14130403 - -3?
14130411
In base 5, what is -13 + 2302032?
2302014
In base 7, what is -3023245 - -3?
-3023242
In base 6, what is -5 + -11502301?
-11502310
In base 5, what is 133 + -212041?
-211403
In base 7, what is -53652 - 21?
-54003
In base 12, what is -32495 + 2?
-32493
In base 10, what is 126899 - 12?
126887
In base 5, what is -20 + 1043314?
1043244
In base 10, what is -2 + -1948?
-1950
In base 10, what is 43 - 63623?
-63580
In base 7, what is -145313 + 10?
-145303
In base 8, what is 74 + -7660?
-7564
In base 15, what is -663b + -7?
-6643
In base 13, what is 3 + -32b9?
-32b6
In base 3, what is 22211001112 + -10?
22211001102
In base 14, what is -8448 - 0?
-8448
In base 14, what is -52c - 6c?
-59a
In base 2, what is -10011110101 - 101010?
-10100011111
In base 9, what is 1 + -115045?
-115044
In base 5, what is 10 - 413142240?
-413142230
In base 6, what is -34405 + -12?
-34421
In base 16, what is 2f - 1a83?
-1a54
In base 14, what is -43dc - 25d?
-465b
In base 5, what is -33 + 202234?
202201
In base 7, what is 2324 - -151?
2505
In base 2, what is -111100 - -11111001011?
11110001111
In base 9, what is 24 - -7432?
7456
In base 12, what is -361360 + 0?
-361360
In base 9, what is 462 - -2505?
3067
In base 11, what is -14aa8 + 4?
-14aa4
In base 4, what is 20320131 + -3?
20320122
In base 14, what is -1 + -39d2c?
-39d2d
In base 5, what is 11 - 2021120?
-2021104
In base 16, what is 8c - -44a?
4d6
In base 10, what is -16 - 2659?
-2675
In base 16, what is -9f - 363?
-402
In base 6, what is -20230 + -35?
-20305
In base 7, what is -30 - -320?
260
In base 8, what is -7 - -13641